to base 7.
-46434
-b2 (base 15) to base 16
-a7
-1100011011 (base 2) to base 3
-1002110
Convert 223165 (base 7) to base 8.
115165
What is -c05 (base 13) in base 16?
-7f1
-46454 (base 7) to base 12
-6a75
What is 502 (base 11) in base 12?
427
Convert -2056 (base 7) to base 13.
-43c
3143 (base 10) to base 6
22315
Convert -9c1 (base 15) to base 14.
-b38
100000 (base 3) to base 2
11110011
220220 (base 3) to base 8
1240
What is 3301 (base 6) in base 12?
531
440 (base 9) to base 11
2a8
4111 (base 6) to base 9
1217
What is -11336 (base 7) in base 2?
-101101100110
What is 1551 (base 9) in base 14?
604
Convert 5b4 (base 16) to base 9.
2002
-10122 (base 3) to base 12
-82
Convert -14141 (base 5) to base 15.
-531
What is b3b (base 12) in base 8?
3137
11590 (base 11) to base 15
4e1b
-12638 (base 12) to base 11
-17949
23213 (base 5) to base 10
1683
Convert 120 (base 9) to base 12.
83
30a (base 11) to base 8
565
-2122210110 (base 3) to base 8
-146162
What is -36664 (base 10) in base 13?
-138c4
Convert 230023 (base 4) to base 2.
101100001011
What is 624 (base 7) in base 6?
1240
3e1 (base 15) to base 8
1566
Convert e1b7 (base 15) to base 12.
236a7
Convert -3224 (base 5) to base 12.
-307
Convert 24a2 (base 13) to base 12.
3016
Convert -1566 (base 11) to base 6.
-13144
Convert 201020020 (base 3) to base 12.
8143
What is -20401 (base 5) in base 9?
-1761
131105 (base 6) to base 14
44b7
6706 (base 10) to base 11
5047
1bc0 (base 16) to base 6
52520
What is -215545 (base 6) in base 9?
-26782
Convert -3020 (base 8) to base 14.
-7cc
What is 1a5 (base 14) in base 5?
2331
What is -6332 (base 8) in base 9?
-4455
d3b (base 15) to base 10
2981
-3023 (base 4) to base 5
-1303
Convert -7b35 (base 13) to base 14.
-6426
Convert 1cc4 (base 15) to base 9.
8524
Convert -101100001101001 (base 2) to base 12.
-11121
42113 (base 6) to base 10
5661
677 (base 8) to base 5
3242
What is 4133 (base 5) in base 6?
2303
-201013 (base 4) to base 12
-1287
What is 106101 (base 9) in base 15?
13c3a
Convert 10011101100110 (base 2) to base 5.
310321
Convert 1101010000000 (base 2) to base 5.
204114
-6063 (base 7) to base 14
-aa3
1101010001 (base 2) to base 10
849
What is -1d8e (base 15) in base 8?
-14442
What is -1f0 (base 16) in base 12?
-354
What is 143426 (base 7) in base 12?
14008
-14033 (base 13) to base 4
-21020033
Convert -10b2a (base 14) to base 9.
-61632
1222200 (base 4) to base 2
1101010100000
-6158 (base 10) to base 5
-144113
What is 9a (base 12) in base 2?
1110110
Convert -4a71 (base 16) to base 2.
-100101001110001
-7b7 (base 13) to base 11
-1002
Convert 449 (base 10) to base 11.
379
Convert c2ba (base 13) to base 16.
68e7
Convert -605 (base 12) to base 14.
-461
What is 50753 (base 8) in base 16?
51eb
Convert 5012 (base 7) to base 14.
8b2
Convert 43c1 (base 15) to base 3.
201200201
What is 102145 (base 6) in base 9?
12312
Convert -10424 (base 10) to base 15.
-314e
What is 21936 (base 12) in base 4?
22313322
What is 2675 (base 10) in base 6?
20215
-101212 (base 4) to base 15
-501
-106233 (base 7) to base 11
-132a1
What is -4631 (base 8) in base 5?
-34312
-113552 (base 7) to base 2
-101000000100111
-111030 (base 4) to base 3
-1212020
10220102 (base 3) to base 10
2846
Convert 1056 (base 15) to base 5.
102311
-1100010000111 (base 2) to base 4
-1202013
100030230 (base 4) to base 11
45937
-10160 (base 13) to base 12
-14808
110022101 (base 3) to base 8
21416
Convert -120130 (base 4) to base 16.
-61c
What is 718 (base 9) in base 14?
2da
What is 750 (base 8) in base 3?
200002
What is 170 (base 16) in base 6?
1412
1f7e (base 16) to base 9
12047
What is 3c4 (base 14) in base 11?
631
Convert -2c6 (base 14) to base 13.
-347
What is -6daa (base 16) in base 6?
-333550
Convert -100110 (base 4) to base 14.
-548
What is 8182 (base 11) in base 8?
25153
Convert 628 (base 12) to base 14.
480
Convert 2144 (base 5) to base 10.
299
What is 776 (base 16) in base 13?
b3c
What is b49 (base 12) in base 9?
2223
What is -3625 (base 8) in base 4?
-132111
Convert 11000101011 (base 2) to base 7.
4414
What is 4712 (base 14) in base 15?
39e4
-201122 (base 3) to base 9
-648
4a (base 15) to base 11
64
What is 22124 (base 5) in base 15?
6c9
-26cc (base 13) to base 14
-2064
22a3 (base 12) to base 6
25523
Convert 33364 (base 7) to base 4.
2003221
Convert 1384 (base 10) to base 11.
1049
Convert -76252 (base 8) to base 11.
-21a83
What is 42210 (base 5) in base 3?
10211220
Convert 26a0 (base 11) to base 16.
daa
Convert -2030101 (base 4) to base 6.
-105321
-405 (base 6) to base 9
-175
Convert -370 (base 11) to base 4.
-12320
-111000001100 (base 2) to base 8
-7014
17343 (base 8) to base 15
2522
Convert -1a0d (base 14) to base 12.
-2891
121014 (base 6) to base 8
24542
Convert 1ba (base 13) to base 2.
101000010
Convert a2bd (base 14) to base 8.
66537
-5bd7 (base 15) to base 5
-1111202
Convert 70e (base 16) to base 13.
a8c
Convert -3d7 (base 15) to base 9.
-1174
What is 17c6 (base 13) in base 12?
2072
What is 2a54a (base 11) in base 8?
124363
What is 10e2 (base 16) in base 10?
4322
Convert -5640 (base 14) to base 9.
-22453
What is 103431 (base 6) in base 11?
64a7
1533 (base 6) to base 11
34a
Convert 894 (base 16) to base 3.
10000100
-101201 (base 3) to base 8
-441
What is -278 (base 12) in base 16?
-17c
-100110011 (base 2) to base 16
-133
What is 27054 (base 8) in base 15?
3780
55c (base 13) to base 7
2455
What is 21103 (base 4) in base 13?
36a
Convert 455 (base 16) to base 3.
1112002
6a4 (base 13) to base 14
5c0
-2b5 (base 16) to base 5
-10233
Convert 5b (base 15) to base 11.
79
-11001111001000 (base 2) to base 6
-141212
Convert -22697 (base 11) to base 3.
-1122221221
What is 101011010 (base 2) in base 10?
346
Convert 1250 (base 6) to base 13.
1b6
What is -131100 (base 4) in base 14?
-97a
30224 (base 12) to base 10
62524
26243 (base 8) to base 16
2ca3
What is -33540 (base 7) in base 2?
-10000100111001
What is -6676 (base 9) in base 14?
-1b21
2b79 (base 12) to base 4
1100031
Convert 4521 (base 6) to base 14.
557
What is 725 (base 9) in base 2?
1001001110
What is 5db7 (base 15) in base 12?
b684
What is -10000101101 (base 2) in base 12?
-751
Convert 1012210010 (base 3) to base 5.
1231043
What is -345 (base 16) in base 6?
-3513
Convert 20111 (base 4) to base 12.
385
-1b5 (base 13) to base 4
-10331
Convert 69 (base 13) to base 7.
153
-8361 (base 9) to base 8
-13762
a1a (base 14) to base 5
30414
What is -3266 (base 9) in base 6?
-15053
What is 15473 (base 14) in base 12?
26825
Convert 1000110111101 (base 2) to base 10.
4541
What is -3f9 (base 16) in base 2?
-1111111001
108 (base 13) to base 14
c9
-44755 (base 8) to base 14
-6c7b
-3422 (base 7) to base 9
-1628
What is -22da (base 16) in base 4?
-2023122
Convert 103 (base 16) to base 12.
197
Convert 101110111101000 (base 2) to base 12.
11ab4
What is 4a33 (base 11) in base 7?
25104
Convert 2124 (base 13) to base 5.
121333
What is -162b (base 12) in base 5?
-41002
-3315 (base 6) to base 15
-362
Convert -49a (base 16) to base 12.
-822
660 (base 8) to base 14
22c
What is 2572 (base 8) in base 10?
1402
What is 26926 (base 11) in base 7?
216624
Convert 54b (base 13) to base 2.
1110001100
What is -6b3 (base 12) in base 8?
-1747
17 (base 11) to base 6
30
What is -186a7 (base 11) in base 13?
-bb82
620 (base 8) to base 7
1111
What is 12111 (base 4) in base 6?
1513
51b (base 12) to base 15
348
Convert 31e (base 15) to base 8.
1300
What is -637 (base 12) in base 5?
-12112
1f73 (base 16) to base 3
102001012
What is 110203 (base 4) in base 11?
a96
-1312123 (base 4) to base 2
-1110110011011
Convert -7198 (base 12) to base 16.
-3044
What is 336 (base 12) in base 9?
576
2323 (base 4) to base 13
115
2a37 (base 13) to base 8
13762
What is 1512 (base 9) in base 12?
7b5
Convert 3256 (base 9) to base 3.
10021220
Convert 121211 (base 4) to base 16.
665
What is -262a (base 12) in base 15?
-1454
Convert -1000110001 (base 2) to base 13.
-342
Convert -38 (base 15) to base 16.
-35
94 (base 10) to base 8
136
Convert 3000 (base 4) to base 8.
300
Convert 10102 (base 5) to base 15.
2d7
-22a51 (base 12) to base 7
-252235
What is 33244 (base 7) in base 5?
231422
1002 (base 3) to base 10
29
What is 9269 (base 12) in base 15?
4ab6
Convert 2010300 (base 4) to base 16.
2130
Convert -1163 (base 14) to base 6.
-22003
Convert 512